ivisor of 2401984 and 34112.
832
Calculate the greatest common factor of 158254858 and 644.
46
Calculate the highest common factor of 12400 and 167152.
496
What is the highest common divisor of 18647 and 313141?
643
What is the highest common factor of 179621 and 7162935?
4381
What is the highest common factor of 1256 and 38992991?
157
Calculate the highest common divisor of 71111 and 145417812.
4183
Calculate the highest common divisor of 46707173 and 1178.
31
What is the greatest common factor of 52 and 11656892?
52
What is the highest common divisor of 70416 and 1547685?
1467
What is the greatest common divisor of 399091 and 66374?
77
What is the greatest common divisor of 26207792 and 39?
13
Calculate the highest common divisor of 105534 and 11703978.
2574
Calculate the highest common divisor of 1025075 and 23300.
25
Calculate the greatest common divisor of 12639 and 140943.
33
Calculate the highest common divisor of 31289897 and 20891.
1607
What is the greatest common divisor of 3276 and 91032032?
364
What is the highest common divisor of 2714646 and 1386?
66
What is the greatest common factor of 416899656 and 11160?
2232
Calculate the greatest common divisor of 65208 and 100555752.
5016
What is the highest common divisor of 13 and 3447041?
13
Calculate the highest common factor of 8881352 and 43276.
1396
What is the greatest common divisor of 258 and 105824247?
129
What is the greatest common factor of 10249002 and 120726?
6354
Calculate the highest common divisor of 60526 and 7526.
106
Calculate the greatest common divisor of 1319919219 and 1377.
1377
What is the highest common divisor of 336 and 1202736?
48
Calculate the greatest common divisor of 637 and 86037588.
91
What is the highest common factor of 3942985 and 36385?
1915
Calculate the greatest common divisor of 23860020 and 4.
4
Calculate the highest common factor of 20454441 and 214.
107
What is the greatest common divisor of 8495675 and 400?
25
What is the highest common divisor of 15 and 4651305?
15
Calculate the greatest common factor of 1464597 and 22589.
461
What is the greatest common divisor of 60193 and 2345?
7
Calculate the greatest common factor of 3208 and 472689176.
3208
What is the greatest common divisor of 117 and 793917?
9
What is the highest common divisor of 14836 and 255038258?
7418
What is the highest common factor of 4380 and 521340?
60
What is the greatest common factor of 289591124 and 68?
68
Calculate the highest common divisor of 6789337 and 3537.
131
Calculate the highest common factor of 65556 and 30226779.
5463
Calculate the highest common factor of 87778269 and 27.
27
What is the highest common divisor of 27720636 and 108?
12
What is the greatest common factor of 425 and 6232115?
85
What is the greatest common factor of 2 and 14450264?
2
What is the highest common factor of 1098 and 47188380?
366
What is the highest common factor of 88626790 and 490?
490
What is the highest common factor of 101 and 243202243?
101
What is the greatest common factor of 149280 and 3408?
48
Calculate the highest common factor of 30836 and 46540.
52
What is the highest common divisor of 151957 and 10595?
13
Calculate the greatest common divisor of 1281 and 49707.
21
Calculate the greatest common factor of 1148045 and 109515.
745
Calculate the highest common factor of 492 and 32424522.
246
Calculate the highest common divisor of 91234 and 478777.
13
What is the highest common factor of 12979327 and 657?
73
Calculate the greatest common factor of 500944 and 343482.
262
Calculate the highest common factor of 97882 and 1095014.
218
Calculate the greatest common divisor of 212332984 and 8.
8
Calculate the greatest common divisor of 390871 and 247.
13
What is the highest common factor of 2696616 and 172692?
468
Calculate the highest common factor of 444 and 8934945.
111
What is the greatest common factor of 43175 and 52909?
157
What is the highest common factor of 58320240 and 1210?
110
Calculate the greatest common divisor of 19107625 and 5.
5
What is the highest common factor of 11730 and 2143140?
690
What is the greatest common divisor of 66792 and 459264?
552
What is the greatest common divisor of 54654897 and 33?
33
What is the highest common divisor of 6160 and 5533605?
385
What is the greatest common divisor of 536 and 362376?
8
What is the greatest common divisor of 62320 and 76057?
19
Calculate the highest common factor of 140 and 2153375.
35
What is the highest common divisor of 18246969 and 377?
13
Calculate the greatest common divisor of 1104 and 25633638.
138
Calculate the greatest common divisor of 804 and 212676.
12
Calculate the highest common divisor of 1575 and 2254740075.
1575
Calculate the greatest common divisor of 4463805 and 47227.
569
What is the highest common factor of 286335648 and 11232?
864
What is the highest common factor of 11769737 and 74?
37
Calculate the greatest common divisor of 12279436 and 52.
52
What is the highest common factor of 36 and 4569687?
9
What is the greatest common factor of 4900 and 80426836?
196
Calculate the greatest common divisor of 365 and 21551863.
73
Calculate the highest common factor of 22 and 52038745.
11
Calculate the highest common factor of 209660 and 1545940.
220
What is the greatest common divisor of 126 and 7683648?
42
What is the highest common divisor of 211712671 and 31?
31
What is the greatest common divisor of 1724264 and 34040?
184
Calculate the highest common factor of 132025 and 9706478.
5281
Calculate the greatest common factor of 775 and 1358668.
31
What is the greatest common divisor of 1533357 and 4697?
427
Calculate the highest common divisor of 4334776 and 7282.
662
What is the highest common factor of 28228419 and 642?
321
What is the highest common divisor of 27885 and 103155?
195
Calculate the greatest common factor of 56 and 777443156.
28
What is the greatest common divisor of 79 and 443304787?
79
What is the greatest common divisor of 972 and 11527596?
324
What is the greatest common divisor of 3074 and 430307?
53
What is the highest common divisor of 35353 and 458?
1
Calculate the greatest common factor of 1271272 and 24.
8
Calculate the greatest common factor of 16550 and 621200.
50
Calculate the greatest common factor of 8532 and 62252.
316
What is the greatest common factor of 164472036 and 2328?
1164
Calculate the highest common divisor of 50100820 and 1120.
140
What is the greatest common divisor of 11716782 and 1265?
11
Calculate the highest common divisor of 58123067 and 47.
47
Calculate the highest common factor of 21639189 and 112827.
429
Calculate the highest common factor of 819544 and 7081096.
5896
Calculate the highest common factor of 23503140 and 148.
148
Calculate the highest common divisor of 108836 and 7337092.
644
Calculate the highest common factor of 6 and 3314379.
3
Calculate the greatest common factor of 10872 and 857448.
72
Calculate the highest common factor of 57614360 and 85.
85
Calculate the greatest common factor of 1794 and 1965522.
78
What is the highest common divisor of 238 and 5736738?
14
Calculate the greatest common factor of 716 and 131916.
4
What is the greatest common divisor of 7784 and 164808?
56
Calculate the greatest common divisor of 352682890 and 40.
10
Calculate the highest common divisor of 752 and 140644304.
752
What is the highest common factor of 5322 and 140311869?
2661
What is the greatest common divisor of 309092 and 58?
2
Calculate the greatest common divisor of 162949054 and 38.
38
Calculate the highest common factor of 400920 and 5911.
257
Calculate the highest common factor of 5854 and 1090708499.
2927
Calculate the highest common divisor of 266579001 and 3.
3
Calculate the greatest common divisor of 28866318 and 624.
78
Calculate the highest common divisor of 13983 and 7469134.
79
What is the highest common divisor of 6786 and 534924?
234
What is the highest common factor of 551287 and 17825?
23
What is the highest common divisor of 14649240 and 13940?
340
Calculate the greatest common divisor of 7030855 and 130.
65
Calculate the greatest common divisor of 12 and 88622736.
12
Calculate the greatest common factor of 374 and 51423691.
187
What is the greatest common factor of 698068098 and 1134?
378
Calculate the greatest common 